 a prime number?
False
Is 1595601751 composite?
False
Is 261436829 composite?
True
Is 3303548623 prime?
True
Is 413529401 prime?
True
Is 128973457 composite?
False
Is 420126793 composite?
True
Is 947259883 prime?
True
Is 2588456753 prime?
True
Is 2899611049 a composite number?
True
Is 16536027257 composite?
False
Is 1105609129 a composite number?
False
Is 4434393479 prime?
True
Is 1363815757 a prime number?
True
Is 128423783 prime?
True
Is 8708753 a prime number?
False
Is 229871145727 a prime number?
False
Is 543933413 a prime number?
False
Is 45279844549 composite?
False
Is 31654473497 a prime number?
False
Is 8796488609 a prime number?
True
Is 59872388923 prime?
False
Is 12081361 a prime number?
False
Is 368057345 composite?
True
Is 830442629 composite?
False
Is 106594588931 prime?
False
Is 12752752071 a prime number?
False
Is 3934931023 prime?
False
Is 2484004687 prime?
False
Is 13093047533 a prime number?
False
Is 2139985063 prime?
False
Is 1941105293 a composite number?
False
Is 31634281799 a composite number?
False
Is 6771149977 a prime number?
False
Is 71996624053 prime?
True
Is 849024521 a prime number?
True
Is 2937003361 a prime number?
False
Is 21816293 composite?
False
Is 15309309153 a composite number?
True
Is 12373658785 a prime number?
False
Is 9079688197 a prime number?
True
Is 4248436639 a prime number?
False
Is 6885986537 a composite number?
True
Is 11934022271 prime?
True
Is 62173469795 a composite number?
True
Is 35113340755 prime?
False
Is 29125583083 prime?
True
Is 29917453 a composite number?
False
Is 8050501309 a composite number?
False
Is 14885980537 a composite number?
False
Is 4686953897 prime?
True
Is 1001898403 a composite number?
True
Is 7559519887 a composite number?
False
Is 252126786955 composite?
True
Is 11127208777 a prime number?
True
Is 117268399 composite?
True
Is 9571957 composite?
True
Is 2614551503 a composite number?
True
Is 8190937213 composite?
False
Is 661776641 composite?
True
Is 5585982433 prime?
True
Is 4148773463 prime?
True
Is 1830297467 composite?
True
Is 2138612731 a prime number?
False
Is 73181915759 a composite number?
True
Is 3808710149 a composite number?
True
Is 13833576709 prime?
False
Is 135035062753 composite?
True
Is 5310282209 a composite number?
False
Is 130912873531 composite?
True
Is 5406402709 a composite number?
True
Is 8275526999 a prime number?
False
Is 3071308993 a composite number?
False
Is 3728301965 prime?
False
Is 23576853167 prime?
False
Is 23214199361 prime?
False
Is 13244621687 prime?
False
Is 29009478193 composite?
False
Is 11250470639 composite?
False
Is 84764844163 a prime number?
True
Is 11089146037 composite?
False
Is 7468438235 a composite number?
True
Is 39432191131 a composite number?
False
Is 321889 composite?
False
Is 13232778535 prime?
False
Is 11454053007 a prime number?
False
Is 5356127107 a prime number?
True
Is 21596693 composite?
True
Is 11022821603 a prime number?
True
Is 1418248757 prime?
True
Is 6068871467 prime?
False
Is 6488226659 composite?
False
Is 36190273517 prime?
True
Is 14622580307 prime?
False
Is 6323401079 prime?
False
Is 389530223 composite?
True
Is 546660971 composite?
False
Is 722822549 a composite number?
True
Is 109771495 prime?
False
Is 3231869219 a composite number?
True
Is 7918700057 a composite number?
True
Is 45025419667 a composite number?
False
Is 158529757 a prime number?
True
Is 60931037 composite?
False
Is 22613947 prime?
True
Is 247103287 prime?
False
Is 42467472329 composite?
False
Is 444225019 prime?
False
Is 88189289 composite?
False
Is 15095434547 composite?
False
Is 1648372831 a prime number?
False
Is 3222561779 composite?
True
Is 167604049 prime?
True
Is 101616641471 a composite number?
True
Is 16150443193 a composite number?
True
Is 3554441911 prime?
False
Is 276413167 a prime number?
True
Is 147378307717 a composite number?
False
Is 102678228937 prime?
True
Is 15828759769 a composite number?
False
Is 40953582363 a composite number?
True
Is 31487065469 a prime number?
False
Is 5696772761 composite?
True
Is 1142820479 a prime number?
True
Is 203414107 a composite number?
True
Is 3057169613 a prime number?
True
Is 153528541 a composite number?
False
Is 16147945049 a prime number?
True
Is 10499477 a composite number?
True
Is 287607493 a composite number?
False
Is 17784218509 composite?
False
Is 83336895377 composite?
False
Is 6573968579 a prime number?
False
Is 14446224179 prime?
True
Is 499039837 prime?
True
Is 36514051687 composite?
True
Is 3677970731 composite?
True
Is 137652598319 composite?
False
Is 31661905259 a prime number?
False
Is 179455253 a composite number?
False
Is 354787099 a prime number?
True
Is 61940064319 a composite number?
True
Is 80281553 a composite number?
True
Is 2476624411 composite?
False
Is 3224470957 a prime number?
True
Is 27165465763 a composite number?
False
Is 428064827 prime?
False
Is 12933901961 composite?
False
Is 28612376729 a composite number?
True
Is 63919954853 a composite number?
False
Is 772980109 a prime number?
False
Is 286832699 a prime number?
True
Is 618682391 composite?
False
Is 30192206587 prime?
True
Is 3990583119 composite?
True
Is 1836371233 prime?
True
Is 3090680039 a prime number?
False
Is 3836375701 composite?
False
Is 492986773 prime?
True
Is 938684819 prime?
True
Is 4811720527 composite?
True
Is 2336186453 composite?
False
Is 3307372553 prime?
True
Is 127253035983 a composite number?
True
Is 2323228951 prime?
False
Is 1037874559 composite?
True
Is 3031179247 a prime number?
True
Is 511310671 prime?
True
Is 617820419 a composite number?
False
Is 332005841 composite?
False
Is 11248740443 a composite number?
True
Is 1106491579 a composite number?
False
Is 2028673873 a composite number?
False
Is 81767369591 prime?
True
Is 49304298151 composite?
True
Is 240152909 composite?
False
Is 213363271 prime?
False
Is 3897412037 a composite number?
False
Is 74681747537 composite?
False
Is 554052715 a prime number?
False
Is 27173501401 a prime number?
True
Is 827425019 composite?
True
Is 740361071 a composite number?
False
Is 1529067649 prime?
False
Is 4462604437 a prime number?
True
Is 377022451 prime?
False
Is 533839169 a composite number?
False
Is 88371251 prime?
True
Is 2632165979 prime?
True
Is 85210064671 composite?
True
Is 72197044449 a composite number?
True
Is 31758541 a composite number?
True
Is 135613495 prime?
False
Is 36162057497 a prime number?
False
Is 27146428921 prime?
False
Is 11430093629 a prime number?
True
Is 163976161737 a composite number?
True
Is 188788037 composite?
True
Is 647235287 composite?
True
Is 6985228079 prime?
False
Is 748576057 composite?
False
Is 295541009 composite?
False
Is 9060156461 a prime number?
True
Is 1644160603 a prime number?
True
Is 43431786583 a prime number?
True
Is 2125943279 a prime number?
False
Is 4482432511 composite?
True
Is 99467380379 a composite number?
False
Is 2560649477 a prime number?
False
Is 13277111126 a prime number?
False
Is 34885673 composite?
False
Is 17885725747 a composite number?
False
Is 416332849 composite?
True
Is 3336899953 a composite number?
True
Is 7324046967 a composite number?
True
Is 175374929 a prime number?
True
Is 15364768801 a prime number?
True
Is 87471067 prime?
True
Is 814966121 prime?
True
Is 135069010015 composite?
True
Is 13287923213 composite?
False
Is 31087096783 a composite number?
False
Is 334288441 a composite number?
False
Is 22826986417 prime?
False
Is 3110177929 composite?
False
Is 2554647701 a composite number?
False
Is 668564909 a composite number?
True
Is 79334286017 composite?
True
Is 177444049 composite?
False
Is 140682330491 prime?
False
Is 3348949099 prime?
True
Is 4555508671 a prime number?
False
Is 10134527701 prime?
False
Is 2438886269 a prime number?
False
Is 1610174719 prime?
True
Is 5091239683 a prime number?
False
Is 112554137 a prime number?
True
Is 837334183 prime?
False
Is 869558267 composite?
False
Is 4379456441 composite?
False
Is 1494859727 prime?
True
Is 2859047147 composite?
True
Is 14907565609 prime?
False
Is 1750250794 prime?
False
Is 424883101 a prime number?
True
Is 10896894089 a prime number?
False
Is 40317887891 prime?
True
Is 1036443599 a composite number?
True
Is 600741454 a prime number?
False
Is 29210476523 a composite number?
False
Is 4963539